9?
7
What is the thousands digit of 594624648?
4
What is the hundred millions digit of 5506385023?
5
What is the millions digit of 243535405?
3
What is the millions digit of 52213701?
2
What is the ten thousands digit of 43651495?
5
What is the thousands digit of 33641791?
1
What is the thousands digit of 1086839658?
9
What is the units digit of 219533783?
3
What is the millions digit of 70297538?
0
What is the hundred millions digit of 1077813772?
0
What is the thousands digit of 371737438?
7
What is the billions digit of 1390287179?
1
What is the tens digit of 212624053?
5
What is the thousands digit of 7835209?
5
What is the tens digit of 503195649?
4
What is the hundreds digit of 202281414?
4
What is the ten thousands digit of 2159467292?
6
What is the ten thousands digit of 71149702?
4
What is the hundred thousands digit of 5962281512?
2
What is the thousands digit of 11452062?
2
What is the tens digit of 249943188?
8
What is the tens digit of 421216174?
7
What is the hundreds digit of 1862276755?
7
What is the millions digit of 22555284?
2
What is the hundred millions digit of 318894465?
3
What is the hundreds digit of 52944172?
1
What is the thousands digit of 185878929?
8
What is the hundred thousands digit of 87644918?
6
What is the millions digit of 52017063?
2
What is the ten thousands digit of 99266756?
6
What is the millions digit of 54586225?
4
What is the billions digit of 1620122031?
1
What is the ten thousands digit of 29508883?
0
What is the tens digit of 4519128456?
5
What is the units digit of 231682514?
4
What is the ten millions digit of 175740585?
7
What is the units digit of 2999609?
9
What is the tens digit of 139405815?
1
What is the millions digit of 2458571239?
8
What is the thousands digit of 48217827?
7
What is the units digit of 3627103256?
6
What is the thousands digit of 141489485?
9
What is the hundreds digit of 85546535?
5
What is the thousands digit of 14961910?
1
What is the ten millions digit of 2840826369?
4
What is the hundreds digit of 7926835?
8
What is the ten millions digit of 1078585066?
7
What is the tens digit of 74760412?
1
What is the thousands digit of 24713019?
3
What is the thousands digit of 85341347?
1
What is the units digit of 99356855?
5
What is the units digit of 51538994?
4
What is the tens digit of 7320091?
9
What is the hundred thousands digit of 158701266?
7
What is the millions digit of 154928944?
4
What is the ten thousands digit of 517646602?
4
What is the ten millions digit of 457297393?
5
What is the ten thousands digit of 52101536?
0
What is the units digit of 743314422?
2
What is the ten millions digit of 989350225?
8
What is the thousands digit of 44310494?
0
What is the millions digit of 106986427?
6
What is the tens digit of 3008524108?
0
What is the millions digit of 2484331248?
4
What is the hundred thousands digit of 316751166?
7
What is the hundreds digit of 2119217014?
0
What is the ten thousands digit of 2660199733?
9
What is the units digit of 3810072?
2
What is the hundred millions digit of 1993602112?
9
What is the millions digit of 44433520?
4
What is the hundreds digit of 414764192?
1
What is the hundred millions digit of 385415295?
3
What is the hundred millions digit of 552623590?
5
What is the ten thousands digit of 509580442?
8
What is the thousands digit of 27039804?
9
What is the ten thousands digit of 51553731?
5
What is the millions digit of 55430535?
5
What is the hundred thousands digit of 131629852?
6
What is the units digit of 77444938?
8
What is the millions digit of 470409933?
0
What is the hundred thousands digit of 3672895834?
8
What is the thousands digit of 175690504?
0
What is the thousands digit of 57405475?
5
What is the hundreds digit of 35086902?
9
What is the ten thousands digit of 114711891?
1
What is the millions digit of 8812802?
8
What is the hundred thousands digit of 1144612893?
6
What is the hundred thousands digit of 38499751?
4
What is the hundreds digit of 155966918?
9
What is the hundred thousands digit of 25492212?
4
What is the ten millions digit of 17033178?
1
What is the hundreds digit of 3564790644?
6
What is the hundreds digit of 49129289?
2
What is the millions digit of 37319983?
7
What is the units digit of 14214048?
8
What is the hundred thousands digit of 2987163921?
1
What is the hundreds digit of 46328770?
7
What is the thousands digit of 193382599?
2
What is the hundred thousands digit of 107977302?
9
What is the ten millions digit of 45652723?
4
What is the millions digit of 566621978?
6
What is the hundreds digit of 19431567?
5
What is the tens digit of 1378096383?
8
What is the tens digit of 142365733?
3
What is the hundreds digit of 957360915?
9
What is the units digit of 90323423?
3
What is the ten thousands digit of 1514880300?
8
What is the units digit of 140288543?
3
What is the millions digit of 76361112?
6
What is the ten millions digit of 114836388?
1
What is the tens digit of 6285720251?
5
What is the hundreds digit of 8097959?
9
What is the tens digit of 68464833?
3
What is the thousands digit of 124096806?
6
What is the hundred thousands digit of 97127292?
1
What is the hundreds digit of 1950734623?
6
What is the thousands digit of 1360373272?
3
What is the hundred thousands digit of 54717232?
7
What is the hundred thousands digit of 2998636592?
6
What is the hundreds digit of 2673409528?
5
What is the ten thousands digit of 2256447346?
4
What is the hundred thousands digit of 81605632?
6
What is the ten millions digit of 28491360?
2
What is the hundreds digit of 3340396499?
4
What is the billions digit of 2760903102?
2
What is the hundred thousands digit of 202768401?
7
What is the thousands digit of 2367427834?
7
What is the tens digit of 25823300?
0
What is the ten thousands digit of 50484355?
8
What is the ten thousands digit of 87482721?
8
What is the units digit of 43584235?
5
What is the tens digit of 1872240776?
7
What is the hundred thousands digit of 3874167950?
1
What is the ten millions digit of 15144683?
1
What is the millions digit of 249995505?
9
What is the ten thousands digit of 105260154?
6
What is the ten millions digit of 30321591?
3
What is the hundred millions digit of 143145887?
1
What is the ten thousands digit of 6759717?
5
What is the tens digit of 1543519499?
9
What is the thousands digit of 479625816?
5
What is the hundreds digit of 103790089?
0
What is the billions digit of 1682398026?
1
What is the ten thousands digit of 2883578073?
7
What is the units digit of 2323588668?
8
What is the billions digit of 1176516075?
1
What is the hundred thousands digit of 28383819?
3
What is the hundred thousands digit of 6356770?
3
What is the millions digit of 1344942315?
4
What is the hundred thousands digit of 126356657?
3
What is the units digit of 171034062?
2
What is the tens digit of 1355853322?
2
What is the hundred thousands digit of 377991892?
9
What is the hundred thousands digit of 7882191?
8
What is the ten millions digit of 31053747?
3
What is the hundreds digit of 215952248?
2
What is the units digit of 3716159723?
3
What is the hundred millions digit of 865941147?
8
What is the millions digit of 6181209?
6
What is the millions digit of 2405144?
2
What is the thousands digit of 458360673?
0
What is the thousands digit of 2019581?
9
What is the millions digit of 4910222274?
0
What is the millions digit of 2117414?
2
What is the ten millions digit of 34836937?
3
What is the ten thousands digit of 183285844?
8
What is the ten millions digit of 7034172901?
3
What is the ten millions digit of 41710034?
4
What is the ten thousands digit of 1861562560?
6
What is the thousands digit of 192777966?
7
What is the millions digit of 30848041?
0
What is the hundreds digit of 76042588?
5
What is the thousands digit of 162945865?
5
What is the units digit of 410643234?
4
What is the hundred thousands digit of 963718996?
7
What is the ten thousands digit of 157774826?
7
What is the ten thousands digit of 85798482?
9
What is the hundred millions digit of 354719206?
3
What is the millions digit of 12513862?
2
What is the hundreds digit of 44748307?
3
What is the hundred thousands digit of 266882359?
8
What is the ten thousands digit of 906911833?
1
What is the units digit of 1326461450